{"id":143,"date":"2024-08-02T14:30:49","date_gmt":"2024-08-02T14:30:49","guid":{"rendered":"https:\/\/emlaw.com.mx\/siguederecho\/?page_id=143"},"modified":"2025-06-18T22:24:56","modified_gmt":"2025-06-18T22:24:56","slug":"programa-sigue-derecho-2024","status":"publish","type":"page","link":"https:\/\/emlaw.com.mx\/siguederecho\/","title":{"rendered":"Programa Sigue Derecho 2025"},"content":{"rendered":"<div class=\"wpb-content-wrapper\"><p>[vc_row el_class=\u00bbhero\u00bb el_id=\u00bbhome\u00bb][vc_column][vc_single_image image=\u00bb9&#8243; img_size=\u00bbfull\u00bb alignment=\u00bbcenter\u00bb css=\u00bb\u00bb el_class=\u00bbhide-mobile\u00bb][vc_single_image image=\u00bb144&#8243; img_size=\u00bbfull\u00bb alignment=\u00bbcenter\u00bb css=\u00bb\u00bb el_class=\u00bbhide-desktop\u00bb][\/vc_column][\/vc_row][vc_row el_class=\u00bbc80 about-box\u00bb el_id=\u00bbabout\u00bb][vc_column]<div style=\"visibility: hidden;\" id=\"carousel-anything-1\" class=\"gambit-carousel-anything carousel-anything-container owl-ca-carousel  ca-equal-height\" data-slide-anim=\"\" data-rtl=\"false\" data-items=\"3\"data-totalitems=\"3\" data-scroll_per_page=\"\" data-autoplay=\"false\"data-items-tablet=\"1\" data-items-mobile=\"1\" data-stop-on-hover=\"\" data-speed-scroll=\"800\" data-speed-rewind=\"1000\"data-thumbnails=\"thumbnail\" data-navigation=\"true\" data-touchdrag=\"false\" data-keyboard=\"false\" data-alignment=\"50\"data-start=\"0\">[vc_row_inner][vc_column_inner el_class=\u00bbabout-left\u00bb][vc_single_image image=\u00bb17&#8243; img_size=\u00bbfull\u00bb alignment=\u00bbcenter\u00bb css=\u00bb\u00bb el_class=\u00bbicon-about\u00bb][vc_column_text]<\/p>\n<h3><strong>Responsabilidad<\/strong> Social<\/h3>\n<p>Triunfamos como el primer despacho con un programa social para la equidad de g\u00e9nero. Con un impacto comprobado.[\/vc_column_text][\/vc_column_inner][\/vc_row_inner][vc_row_inner][vc_column_inner el_class=\u00bbabout-center\u00bb][vc_single_image image=\u00bb16&#8243; img_size=\u00bbfull\u00bb alignment=\u00bbcenter\u00bb css=\u00bb\u00bb el_class=\u00bbicon-about\u00bb][vc_column_text]<\/p>\n<h3><strong>Post\u00falate<\/strong> eres la indicada<\/h3>\n<p>Tu talento vale y debe llegar hasta donde tu quieras. Si tienes el perfil, te invitamos a revisar las bases de la convocatoria.[\/vc_column_text][vc_btn title=\u00bbVer convocatoria\u00bb style=\u00bbcustom\u00bb custom_background=\u00bb#e6b1bf\u00bb custom_text=\u00bb#ffffff\u00bb align=\u00bbcenter\u00bb css=\u00bb\u00bb link=\u00bburl:https%3A%2F%2Femlaw.com.mx%2Fsiguederecho%2Funete-a-sigue-derecho%2F|title:%C3%9Anete%20a%20Sigue%20Derecho\u00bb el_class=\u00bbabout-btn\u00bb][\/vc_column_inner][\/vc_row_inner][vc_row_inner][vc_column_inner el_class=\u00bbabout-right\u00bb][vc_single_image image=\u00bb19&#8243; img_size=\u00bbfull\u00bb alignment=\u00bbcenter\u00bb css=\u00bb\u00bb el_class=\u00bbicon-about\u00bb][vc_column_text]<\/p>\n<h3><strong>S\u00famate<\/strong> a nuestra iniciativa<\/h3>\n<p>Juntos podemos lograr un cambio. \u00danete y participa en nuestra iniciativa de apoyar a mujeres talentosas.[\/vc_column_text][\/vc_column_inner][\/vc_row_inner]<\/div>[\/vc_column][\/vc_row][vc_row content_placement=\u00bbmiddle\u00bb el_class=\u00bbc80 p120&#8243;][vc_column width=\u00bb1\/3&#8243; el_class=\u00bbdate-left\u00bb][vc_column_text css=\u00bb\u00bb el_class=\u00bbhero-title\u00bb]<\/p>\n<h4>Convocatoria abierta <strong>Fecha limite de postulaciones<\/strong> <em><strong>1 de Marzo 2025<\/strong><\/em><\/h4>\n<p>[\/vc_column_text][\/vc_column][vc_column width=\u00bb2\/3&#8243; el_class=\u00bbdate-right\u00bb][vc_column_text]<\/p>\n<h5>Nuestra f\u00f3rmula<\/h5>\n<p>[\/vc_column_text][vc_single_image image=\u00bb184&#8243; img_size=\u00bbfull\u00bb alignment=\u00bbcenter\u00bb css=\u00bb\u00bb][vc_column_text]<\/p>\n<h5>mujer + oportunidades<\/h5>\n<h6>Sigue Derecho<\/h6>\n<p>[\/vc_column_text][\/vc_column][\/vc_row][vc_section el_id=\u00bbwhatis\u00bb el_class=\u00bbwhatis-box\u00bb][vc_row content_placement=\u00bbmiddle\u00bb el_class=\u00bbc80&#8243;][vc_column width=\u00bb1\/2&#8243; el_class=\u00bbwhatis-left\u00bb][vc_single_image image=\u00bb204&#8243; img_size=\u00bbfull\u00bb alignment=\u00bbcenter\u00bb css=\u00bb\u00bb][\/vc_column][vc_column width=\u00bb1\/2&#8243; el_class=\u00bbwhatis-right\u00bb][vc_row_inner][vc_column_inner][vc_column_text]<\/p>\n<h2>Acerca del programa <strong>Sigue Derecho<\/strong><\/h2>\n<h3><strong>Dra. Inna Makhniborada <\/strong>Directora del Programa Sigue Derecho<\/h3>\n<p><strong>Sigue Derecho<\/strong> es un programa social de desarrollo profesional mediante el cual <strong>E&amp;MLAW apoya a que las mujeres abogadas<\/strong> con talento comprobado, desarrollen su carrera en una <strong>firma de abogados de prestigio<\/strong>, sin la preocupaci\u00f3n de no contar con una vivienda digna y segura, y con los servicios necesarios para una vida digna, de tal manera que logren <strong>romper el techo de cristal<\/strong> que la profesi\u00f3n en s\u00ed misma mantiene e impide que <strong>mujeres abogadas talentosas<\/strong> logren su crecimiento profesional al m\u00e1s alto nivel, sin importar su lugar de origen y antecedentes econ\u00f3micos.<\/p>\n<p>Mediante este programa nuestra firma logra captar <strong>talento femenino excepcional<\/strong> de diversos sectores socioculturales y regiones del pa\u00eds, y le incorpora a nuestra filosof\u00eda de trabajo y \u00e9tica, enfocando su desarrollo en nuestros <strong>valores de atenci\u00f3n al cliente, responsabilidad, rendici\u00f3n de cuentas, resiliencia y profesionalismo<\/strong> que nos caracterizan.[\/vc_column_text][\/vc_column_inner][\/vc_row_inner][\/vc_column][\/vc_row][\/vc_section][vc_row content_placement=\u00bbbottom\u00bb el_class=\u00bbc80 reality-box\u00bb][vc_column width=\u00bb1\/2&#8243; el_class=\u00bbreality-left\u00bb][vc_single_image image=\u00bb21&#8243; img_size=\u00bbfull\u00bb css=\u00bb\u00bb][\/vc_column][vc_column width=\u00bb1\/2&#8243; el_class=\u00bbreality-right\u00bb][vc_row_inner][vc_column_inner][vc_column_text]<\/p>\n<h2>La realidad de la <strong>mujer abogada<\/strong> en M\u00e9xico<\/h2>\n<p>[\/vc_column_text][\/vc_column_inner][\/vc_row_inner]<div class=\"bb-ultimate-carousel\"><div class='bb-ultimate-carousel-slider   ' data-settings={&quot;arrows&quot;:false,&quot;dots&quot;:true,&quot;slidesToShow&quot;:3,&quot;vertical&quot;:true,&quot;responsive&quot;:[{&quot;breakpoint&quot;:1279,&quot;settings&quot;:{&quot;slidesToShow&quot;:1,&quot;dots&quot;:true,&quot;vertical&quot;:false}},{&quot;breakpoint&quot;:1024,&quot;settings&quot;:{&quot;slidesToShow&quot;:1,&quot;dots&quot;:true,&quot;vertical&quot;:false}}]} ><div class='bb-ultimate-carousel-slide   '>[vc_row_inner content_placement=\u00bbmiddle\u00bb el_class=\u00bbitem-info-reality\u00bb][vc_column_inner width=\u00bb1\/3&#8243;][vc_single_image image=\u00bb13&#8243; img_size=\u00bbfull\u00bb css=\u00bb\u00bb el_class=\u00bbicon-reality\u00bb][\/vc_column_inner][vc_column_inner width=\u00bb2\/3&#8243;][vc_column_text]<\/p>\n<h4>38% de inclusi\u00f3n<\/h4>\n<p>En M\u00e9xico, de cada 100 puestos de abogado, s\u00f3lo 38 son ocupados por mujeres, lo cual representa una gran brecha de inclusi\u00f3n laboral.[\/vc_column_text][\/vc_column_inner][\/vc_row_inner]<\/div><div class='bb-ultimate-carousel-slide   '>[vc_row_inner content_placement=\u00bbmiddle\u00bb el_class=\u00bbitem-info-reality\u00bb][vc_column_inner width=\u00bb1\/3&#8243;][vc_single_image image=\u00bb18&#8243; img_size=\u00bbfull\u00bb css=\u00bb\u00bb el_class=\u00bbicon-reality\u00bb][\/vc_column_inner][vc_column_inner width=\u00bb2\/3&#8243;][vc_column_text]<\/p>\n<h4>$16.79 MXN<\/h4>\n<p>Las mujeres est\u00e1n sobrerrepresentadas en los trabajos con salarios bajos, ocupan menos puestos de direcci\u00f3n y liderazgo. De media, s\u00f3lo ganan $16.79 pesos por cada $22.00 pesos que ganan los hombres.[\/vc_column_text][\/vc_column_inner][\/vc_row_inner]<\/div><div class='bb-ultimate-carousel-slide   '>[vc_row_inner content_placement=\u00bbmiddle\u00bb el_class=\u00bbitem-info-reality\u00bb][vc_column_inner width=\u00bb1\/3&#8243;][vc_single_image image=\u00bb14&#8243; img_size=\u00bbfull\u00bb css=\u00bb\u00bb el_class=\u00bbicon-reality\u00bb][\/vc_column_inner][vc_column_inner width=\u00bb2\/3&#8243;][vc_column_text]<\/p>\n<h4>26% menos de sueldo<\/h4>\n<p>M\u00e1s del 50% de los egresados de licenciatura en M\u00e9xico son mujeres, pero ganan en promedio un 26% menos que los hombres.[\/vc_column_text][\/vc_column_inner][\/vc_row_inner]<\/div><\/div><\/div>[\/vc_column][\/vc_row][vc_section el_class=\u00bbempodera-box\u00bb][vc_row content_placement=\u00bbmiddle\u00bb el_class=\u00bbc80&#8243;][vc_column width=\u00bb2\/3&#8243; el_class=\u00bbempoderar-left\u00bb][vc_single_image image=\u00bb185&#8243; img_size=\u00bbfull\u00bb css=\u00bb\u00bb][vc_column_text]<\/p>\n<h2>A las mujeres mexicanas del interior de la Rep\u00fablica.<\/h2>\n<p>En EMLAW impulsamos la sustentabilidad social a trav\u00e9s de nuestro programa \u201cSigue Derecho\u201d[\/vc_column_text][\/vc_column][vc_column width=\u00bb1\/3&#8243; el_class=\u00bbempoderar-right\u00bb][vc_single_image image=\u00bb186&#8243; img_size=\u00bbfull\u00bb alignment=\u00bbcenter\u00bb css=\u00bb\u00bb][\/vc_column][\/vc_row][\/vc_section][vc_section el_class=\u00bbbg-black pt80&#8243;][vc_row el_class=\u00bbc80&#8243;][vc_column]<div class=\"bb-ultimate-carousel\"><div class='bb-ultimate-carousel-slider  dost_position_bottom_right  caro-testimonial' data-settings={&quot;arrows&quot;:false,&quot;autoplay&quot;:true,&quot;autoplaySpeed&quot;:10000,&quot;dots&quot;:true,&quot;slidesToShow&quot;:1,&quot;responsive&quot;:[]} ><div class='bb-ultimate-carousel-slide   '>[vc_row_inner content_placement=\u00bbmiddle\u00bb][vc_column_inner el_class=\u00bbteam-left\u00bb width=\u00bb1\/2&#8243;][vc_single_image image=\u00bb200&#8243; img_size=\u00bbfull\u00bb alignment=\u00bbcenter\u00bb css=\u00bb\u00bb][\/vc_column_inner][vc_column_inner el_class=\u00bbteam-right\u00bb width=\u00bb1\/2&#8243;][vc_column_text el_class=\u00bbtitle-center\u00bb]<\/p>\n<h3><strong>El programa Sigue Derecho<\/strong> Representa para mi<\/h3>\n<p>[\/vc_column_text][vc_column_text css=\u00bb\u00bb]La oportunidad de desarrollar habilidades esenciales para la abogada, como la investigaci\u00f3n, el an\u00e1lisis cr\u00edtico y la redacci\u00f3n legal. Al interactuar con el ecosistema empresarial en diversas esferas, te ves inmersa en una amplia gama de aprendizajes y absorbes conocimientos pr\u00e1cticos que mejoran tu ejercicio en el derecho. En ese sentido, recomiendo ampliamente el programa y en especial si eres una abogada que busca elevar su pr\u00e1ctica legal.[\/vc_column_text][vc_btn title=\u00bbLizbeth Garcia\u00bb style=\u00bboutline-custom\u00bb outline_custom_color=\u00bb#f4678f\u00bb outline_custom_hover_background=\u00bb#f4678f\u00bb outline_custom_hover_text=\u00bb#ffffff\u00bb shape=\u00bbround\u00bb align=\u00bbcenter\u00bb i_type=\u00bbmonosocial\u00bb i_icon_monosocial=\u00bbvc-mono vc-mono-linkedin\u00bb css=\u00bb\u00bb add_icon=\u00bbtrue\u00bb link=\u00bburl:https%3A%2F%2Fwww.linkedin.com%2Fin%2Flizbethgarciagalindo%2F|target:_blank\u00bb el_class=\u00bbbtn-team\u00bb][\/vc_column_inner][\/vc_row_inner]<\/div><div class='bb-ultimate-carousel-slide   '>[vc_row_inner content_placement=\u00bbmiddle\u00bb][vc_column_inner el_class=\u00bbteam-left\u00bb width=\u00bb1\/2&#8243;][vc_single_image image=\u00bb219&#8243; img_size=\u00bbfull\u00bb alignment=\u00bbcenter\u00bb css=\u00bb\u00bb][\/vc_column_inner][vc_column_inner el_class=\u00bbteam-right\u00bb width=\u00bb1\/2&#8243;][vc_column_text el_class=\u00bbtitle-center\u00bb]<\/p>\n<h3><strong>El programa Sigue Derecho<\/strong> Representa para mi<\/h3>\n<p>[\/vc_column_text][vc_column_text css=\u00bb\u00bb]La oportunidad \u00fanica de crecimiento personal y profesional al desempe\u00f1arme en lo que me apasiona, me siento muy feliz y agradecida de formar parte de esta excelente iniciativa, quiero que muchas mujeres mexicanas al igual que yo, puedan vivir esta experiencia retadora que las impulsa a creer en s\u00ed mismas y lograr sus sue\u00f1os.[\/vc_column_text][vc_btn title=\u00bbVictoria Escobedo Rodr\u00edguez\u00bb style=\u00bboutline-custom\u00bb outline_custom_color=\u00bb#f4678f\u00bb outline_custom_hover_background=\u00bb#f4678f\u00bb outline_custom_hover_text=\u00bb#ffffff\u00bb shape=\u00bbround\u00bb align=\u00bbcenter\u00bb i_type=\u00bbmonosocial\u00bb i_icon_monosocial=\u00bbvc-mono vc-mono-linkedin\u00bb css=\u00bb\u00bb add_icon=\u00bbtrue\u00bb link=\u00bburl:https%3A%2F%2Fwww.linkedin.com%2Fin%2Fvictoria-escobedo-rodr%25C3%25ADguez-b424b11b8%2F|target:_blank\u00bb el_class=\u00bbbtn-team\u00bb][\/vc_column_inner][\/vc_row_inner]<\/div><div class='bb-ultimate-carousel-slide   '>[vc_row_inner content_placement=\u00bbmiddle\u00bb][vc_column_inner el_class=\u00bbteam-left\u00bb width=\u00bb1\/2&#8243;][vc_single_image image=\u00bb218&#8243; img_size=\u00bbfull\u00bb alignment=\u00bbcenter\u00bb css=\u00bb\u00bb][\/vc_column_inner][vc_column_inner el_class=\u00bbteam-right\u00bb width=\u00bb1\/2&#8243;][vc_column_text el_class=\u00bbtitle-center\u00bb]<\/p>\n<h3><strong>El programa Sigue Derecho<\/strong> Representa para mi<\/h3>\n<p>[\/vc_column_text][vc_column_text css=\u00bb\u00bb]Una experiencia de crecimiento personal y profesional inigualable, de la mano con un equipo de trabajo al que admiro y del que aprendo todos los d\u00edas. Siempre estar\u00e9 agradecida por esta oportunidad y me compromete a dar difusi\u00f3n a este programa para que muchas otras mujeres puedan formar parte de \u00e9l.[\/vc_column_text][vc_btn title=\u00bbAna Laura G\u00e1mez Rangel\u00bb style=\u00bboutline-custom\u00bb outline_custom_color=\u00bb#f4678f\u00bb outline_custom_hover_background=\u00bb#f4678f\u00bb outline_custom_hover_text=\u00bb#ffffff\u00bb shape=\u00bbround\u00bb align=\u00bbcenter\u00bb i_type=\u00bbmonosocial\u00bb i_icon_monosocial=\u00bbvc-mono vc-mono-linkedin\u00bb css=\u00bb\u00bb add_icon=\u00bbtrue\u00bb link=\u00bburl:https%3A%2F%2Fwww.linkedin.com%2Fin%2Fana-laura-gamez-rangel-202145228%2F|target:_blank\u00bb el_class=\u00bbbtn-team\u00bb][\/vc_column_inner][\/vc_row_inner]<\/div><\/div><\/div>[\/vc_column][\/vc_row][\/vc_section][vc_section el_class=\u00bbsection-prize p80&#8243;][vc_row content_placement=\u00bbmiddle\u00bb el_class=\u00bbc80 p40&#8243;][vc_column width=\u00bb1\/2&#8243; el_class=\u00bbprize-left\u00bb][vc_video link=\u00bbhttps:\/\/www.youtube.com\/watch?v=SJtrJqmyzkA\u00bb align=\u00bbcenter\u00bb][\/vc_column][vc_column width=\u00bb1\/2&#8243; el_class=\u00bbprize-right\u00bb][vc_column_text css=\u00bb\u00bb]<\/p>\n<h2>En el a\u00f1o 2022<strong> EMLAW fue premiada por la CEMEFI<\/strong><\/h2>\n<p style=\"text-align: center;\">En el a\u00f1o 2022, EMLAW fue premiada por el Centro Mexicano para la Filantrop\u00eda (CEMEFI) como la primera y \u00fanica firma en recibir el reconocimiento por la mejor pr\u00e1ctica de responsabilidad social en la categor\u00eda de inclusi\u00f3n y no discriminaci\u00f3n. Este prestigioso galard\u00f3n fue otorgado gracias al impacto significativo del programa Sigue Derecho, una iniciativa dise\u00f1ada para apoyar y empoderar a mujeres abogadas, especialmente aquellas del interior de la Rep\u00fablica Mexicana, promoviendo la igualdad de oportunidades en el \u00e1mbito legal.<\/p>\n<p style=\"text-align: center;\">El programa Sigue Derecho ha sido fundamental para fomentar un entorno m\u00e1s inclusivo y libre de discriminaci\u00f3n en la profesi\u00f3n legal, destac\u00e1ndose por su compromiso con la equidad y la justicia social. La implementaci\u00f3n de este programa ha permitido que EMLAW no solo se posicione como l\u00edder en pr\u00e1cticas de responsabilidad social, sino tambi\u00e9n como un modelo a seguir en la promoci\u00f3n de la diversidad y la inclusi\u00f3n en el sector jur\u00eddico.<\/p>\n<p>[\/vc_column_text][\/vc_column][\/vc_row][\/vc_section][vc_row equal_height=\u00bbyes\u00bb content_placement=\u00bbmiddle\u00bb el_class=\u00bbnews-box\u00bb el_id=\u00bbnews\u00bb][vc_column width=\u00bb1\/4&#8243; el_class=\u00bbnews-left\u00bb][vc_row_inner el_class=\u00bbrse-box\u00bb][vc_column_inner][\/vc_column_inner][\/vc_row_inner][\/vc_column][vc_column width=\u00bb3\/4&#8243; el_class=\u00bbnews-right\u00bb]<div class=\"bb-ultimate-carousel\"><div class='bb-ultimate-carousel-slider   caro-news' data-settings={&quot;arrows&quot;:false,&quot;autoplay&quot;:true,&quot;autoplaySpeed&quot;:8000,&quot;rows&quot;:1,&quot;slidesPerRow&quot;:1,&quot;slidesToShow&quot;:3,&quot;responsive&quot;:[{&quot;breakpoint&quot;:1600,&quot;settings&quot;:{&quot;slidesToShow&quot;:2,&quot;dots&quot;:false,&quot;vertical&quot;:false}},{&quot;breakpoint&quot;:1100,&quot;settings&quot;:{&quot;slidesToShow&quot;:1,&quot;dots&quot;:true,&quot;vertical&quot;:false}}]} ><div class='bb-ultimate-carousel-slide   single-item-news'>[vc_single_image image=\u00bb23&#8243; img_size=\u00bbfull\u00bb alignment=\u00bbcenter\u00bb css=\u00bb\u00bb][vc_column_text el_class=\u00bbnews-info-single\u00bb]<\/p>\n<h2>Revista L\u00edderes Mexicanos <strong>Hechos, no palabras: Impulsando el talento legal femenino.<\/strong><\/h2>\n<p>[\/vc_column_text][vc_btn title=\u00bbLeer entrevista\u00bb style=\u00bbcustom\u00bb custom_background=\u00bb#f4678f\u00bb custom_text=\u00bb#ffffff\u00bb shape=\u00bbsquare\u00bb i_align=\u00bbright\u00bb i_icon_fontawesome=\u00bbfas fa-long-arrow-alt-right\u00bb css=\u00bb\u00bb add_icon=\u00bbtrue\u00bb link=\u00bburl:https%3A%2F%2Flideresmexicanos.com%2Fentrevistas%2Fhechos-no-palabras-impulsando-el-talento-legal-femenino%2F|target:_blank\u00bb]<\/div><div class='bb-ultimate-carousel-slide   single-item-news'>[vc_single_image image=\u00bb24&#8243; img_size=\u00bbfull\u00bb alignment=\u00bbcenter\u00bb css=\u00bb\u00bb][vc_column_text el_class=\u00bbnews-info-single\u00bb]<\/p>\n<h2>Revista Fortuna <strong>E&amp;M Business Lawyers, S.C. abre programa para apoyar la diversidad de g\u00e9nero en el derecho.<br \/>\n<\/strong><\/h2>\n<p>[\/vc_column_text][vc_btn title=\u00bbLeer entrevista\u00bb style=\u00bbcustom\u00bb custom_background=\u00bb#f4678f\u00bb custom_text=\u00bb#ffffff\u00bb shape=\u00bbsquare\u00bb i_align=\u00bbright\u00bb i_icon_fontawesome=\u00bbfas fa-long-arrow-alt-right\u00bb css=\u00bb\u00bb add_icon=\u00bbtrue\u00bb link=\u00bburl:https%3A%2F%2Frevistafortuna.com.mx%2F2022%2F04%2F25%2Fem-business-lawyers-s-c-abre-programa-para-apoyar-a-diversidad-de-genero-en-el-derecho%2F|target:_blank\u00bb]<\/div><div class='bb-ultimate-carousel-slide   single-item-news'>[vc_single_image image=\u00bb25&#8243; img_size=\u00bbfull\u00bb alignment=\u00bbcenter\u00bb css=\u00bb\u00bb][vc_column_text el_class=\u00bbnews-info-single\u00bb]<\/p>\n<h2>Revista L\u00edderes Mexicanos <strong>Enfoque legal, valor empresarial.<br \/>\n<\/strong><\/h2>\n<p>[\/vc_column_text][vc_btn title=\u00bbLeer entrevista\u00bb style=\u00bbcustom\u00bb custom_background=\u00bb#f4678f\u00bb custom_text=\u00bb#ffffff\u00bb shape=\u00bbsquare\u00bb i_align=\u00bbright\u00bb i_icon_fontawesome=\u00bbfas fa-long-arrow-alt-right\u00bb css=\u00bb\u00bb add_icon=\u00bbtrue\u00bb link=\u00bburl:https%3A%2F%2Flideresmexicanos.com%2Fentrevistas%2Fenfoque-legal-valor-empresarial%2F|target:_blank\u00bb]<\/div><\/div><\/div>[\/vc_column][\/vc_row]<\/p>\n<\/div>","protected":false},"excerpt":{"rendered":"<p>[vc_row el_class=\u00bbhero\u00bb el_id=\u00bbhome\u00bb][vc_column][vc_single_image image=\u00bb9&#8243; img_size=\u00bbfull\u00bb alignment=\u00bbcenter\u00bb css=\u00bb\u00bb el_class=\u00bbhide-mobile\u00bb][vc_single_image image=\u00bb144&#8243; img_size=\u00bbfull\u00bb alignment=\u00bbcenter\u00bb css=\u00bb\u00bb el_class=\u00bbhide-desktop\u00bb][\/vc_column][\/vc_row][vc_row el_class=\u00bbc80 about-box\u00bb el_id=\u00bbabout\u00bb][vc_column][\/vc_column][\/vc_row][vc_row content_placement=\u00bbmiddle\u00bb el_class=\u00bbc80 p120&#8243;][vc_column width=\u00bb1\/3&#8243; [&hellip;]<\/p>\n","protected":false},"author":1,"featured_media":0,"parent":0,"menu_order":0,"comment_status":"closed","ping_status":"closed","template":"","meta":{"site-sidebar-layout":"no-sidebar","site-content-layout":"plain-container","ast-site-content-layout":"default","site-content-style":"default","site-sidebar-style":"default","ast-global-header-display":"","ast-banner-title-visibility":"","ast-main-header-display":"","ast-hfb-above-header-display":"","ast-hfb-below-header-display":"","ast-hfb-mobile-header-display":"","site-post-title":"disabled","ast-breadcrumbs-content":"","ast-featured-img":"disabled","footer-sml-layout":"","theme-transparent-header-meta":"default","adv-header-id-meta":"","stick-header-meta":"default","header-above-stick-meta":"","header-main-stick-meta":"","header-below-stick-meta":"","astra-migrate-meta-layouts":"set","ast-page-background-enabled":"default","ast-page-background-meta":{"desktop":{"background-color":"var(--ast-global-color-4)","background-image":"","background-repeat":"repeat","background-position":"center center","background-size":"auto","background-attachment":"scroll","background-type":"","background-media":"","overlay-type":"","overlay-color":"","overlay-opacity":"","overlay-gradient":""},"tablet":{"background-color":"","background-image":"","background-repeat":"repeat","background-position":"center center","background-size":"auto","background-attachment":"scroll","background-type":"","background-media":"","overlay-type":"","overlay-color":"","overlay-opacity":"","overlay-gradient":""},"mobile":{"background-color":"","background-image":"","background-repeat":"repeat","background-position":"center center","background-size":"auto","background-attachment":"scroll","background-type":"","background-media":"","overlay-type":"","overlay-color":"","overlay-opacity":"","overlay-gradient":""}},"ast-content-background-meta":{"desktop":{"background-color":"var(--ast-global-color-5)","background-image":"","background-repeat":"repeat","background-position":"center center","background-size":"auto","background-attachment":"scroll","background-type":"","background-media":"","overlay-type":"","overlay-color":"","overlay-opacity":"","overlay-gradient":""},"tablet":{"background-color":"var(--ast-global-color-5)","background-image":"","background-repeat":"repeat","background-position":"center center","background-size":"auto","background-attachment":"scroll","background-type":"","background-media":"","overlay-type":"","overlay-color":"","overlay-opacity":"","overlay-gradient":""},"mobile":{"background-color":"var(--ast-global-color-5)","background-image":"","background-repeat":"repeat","background-position":"center center","background-size":"auto","background-attachment":"scroll","background-type":"","background-media":"","overlay-type":"","overlay-color":"","overlay-opacity":"","overlay-gradient":""}},"footnotes":""},"class_list":["post-143","page","type-page","status-publish","hentry"],"_links":{"self":[{"href":"https:\/\/emlaw.com.mx\/siguederecho\/wp-json\/wp\/v2\/pages\/143","targetHints":{"allow":["GET"]}}],"collection":[{"href":"https:\/\/emlaw.com.mx\/siguederecho\/wp-json\/wp\/v2\/pages"}],"about":[{"href":"https:\/\/emlaw.com.mx\/siguederecho\/wp-json\/wp\/v2\/types\/page"}],"author":[{"embeddable":true,"href":"https:\/\/emlaw.com.mx\/siguederecho\/wp-json\/wp\/v2\/users\/1"}],"replies":[{"embeddable":true,"href":"https:\/\/emlaw.com.mx\/siguederecho\/wp-json\/wp\/v2\/comments?post=143"}],"version-history":[{"count":44,"href":"https:\/\/emlaw.com.mx\/siguederecho\/wp-json\/wp\/v2\/pages\/143\/revisions"}],"predecessor-version":[{"id":298,"href":"https:\/\/emlaw.com.mx\/siguederecho\/wp-json\/wp\/v2\/pages\/143\/revisions\/298"}],"wp:attachment":[{"href":"https:\/\/emlaw.com.mx\/siguederecho\/wp-json\/wp\/v2\/media?parent=143"}],"curies":[{"name":"wp","href":"https:\/\/api.w.org\/{rel}","templated":true}]}}